{"id":7056,"date":"2018-01-20T11:01:40","date_gmt":"2018-01-20T03:01:40","guid":{"rendered":"https:\/\/humanities.utm.my\/casis\/?page_id=7056"},"modified":"2018-05-22T16:41:01","modified_gmt":"2018-05-22T08:41:01","slug":"giving","status":"publish","type":"page","link":"https:\/\/humanities.utm.my\/casis\/giving\/","title":{"rendered":"Giving"},"content":{"rendered":"<p>[et_pb_section bb_built=&#8221;1&#8243; fullwidth=&#8221;on&#8221; _builder_version=&#8221;3.0.106&#8243; background_image=&#8221;https:\/\/humanities.utm.my\/wp-content\/uploads\/sites\/91\/2018\/05\/casis-42-of-66-1-1.jpg&#8221; custom_padding=&#8221;0px|0px|292px|0px&#8221; next_background_color=&#8221;#ffffff&#8221;][\/et_pb_section][et_pb_section bb_built=&#8221;1&#8243; admin_label=&#8221;section&#8221; _builder_version=&#8221;3.0.47&#8243; custom_padding=&#8221;0px|0px|53.9531px|0px&#8221; prev_background_color=&#8221;#000000&#8243;][et_pb_row admin_label=&#8221;row&#8221; custom_padding=&#8221;53.9531px|0px|0px|0px&#8221; _builder_version=&#8221;3.0.47&#8243; background_size=&#8221;initial&#8221; background_position=&#8221;top_left&#8221; background_repeat=&#8221;repeat&#8221;][et_pb_column type=&#8221;4_4&#8243;][et_pb_text _builder_version=&#8221;3.3.1&#8243; text_font=&#8221;Libre Baskerville||||||||&#8221; background_size=&#8221;initial&#8221; background_position=&#8221;top_left&#8221; background_repeat=&#8221;repeat&#8221; text_orientation=&#8221;justified&#8221;]<\/p>\n<h1 style=\"text-align: left\"><span style=\"color: #991212\"><strong>CASIS FUND<\/strong><\/span><\/h1>\n<p>&nbsp;<\/p>\n<h3><span style=\"color: #e09900\"><strong>CASIS<\/strong><\/span><\/h3>\n<p><strong>Centre for Advanced Studies on Islam, Science and Civilisation<\/strong> (hereinafter referred to as CASIS), Universiti Teknologi Malaysia (UTM) was established when the then Vice-Chancellor Dato\u2019 Seri Ir. Dr. Zaini bin\u00a0Ujang\u00a0invited Prof. Dr. Wan Mohd Nor Wan Daud to form the Centre. Prof. Dr. Wan Mohd Nor, Prof. Dr. Muhammad Zainiy Uthman and Assoc. Prof. Dr. Khalif Mu\u2019ammar were the earliest staff at CASIS and they began its instruction on February 21, 2011.<\/p>\n<p>CASIS seeks to promote advanced scholarship and learning for the advancement of knowledge in the field of studies relating to Islam, Science and Civilisation and their allied sciences under the ambit of the worldview of Islam in full cognisance of relevant developments in other civilisations, especially in the contemporary world, along with the educational philosophy and practice espoused by Tan Sri Professor Dr. Syed Muhammad Naquib al-Attas.<\/p>\n<p>One of the Centre\u2019s paramount objective is to train young scholars who are intellectually adept to delve into the intricacies of religious thought while simultaneously at home with intellectual and scientific ideas, technologies and socio-legal-economics thought and institutions of today. These emerging scholars will have the requisite intellectual tools and competent knowledge to imbibe from the multi-disciplinary program to prepare themselves for future intellectual civilisational challenges at home and the world at large.<\/p>\n<p>&nbsp;<\/p>\n<h3><span style=\"color: #e09900\"><strong>What is CASIS FUND?<\/strong><\/span><\/h3>\n<p>In order to sustain and maintain the continuity of high-quality Islamic education unique to our nation, CASIS welcomes all parties, corporate bodies and individuals to contribute generously to our Fund Raising drive. Since its inception, CASIS as a centre of excellence has strived in providing rigorous and intellectually challenging programmes to many good and intelligent students at a post-graduate level as a strategic initiative to revivify the Islamic civilisation in its full glory.<\/p>\n<p>&nbsp;<\/p>\n<h3><span style=\"color: #e09900\"><strong>Why Contribute to CASIS?<\/strong><\/span><\/h3>\n<p>Your assistance in the forms of dedicated zakat, wakaf<em>, <\/em>and sadaqah contributions will accelerate CASIS to become an excellent centre of scholarship and learning with the highest quality of intellectual and academic faculty, and an excellent library. A sound financial backing and outstanding facilities will empower the first-rate training of future minds from the Muslim World at large to become future bearers of the light of illumination of true knowledge following the footpath of learned scholars\u00a0of the past.<\/p>\n<p>In today\u2019s academic practice, foundations, distinguished chairs and fellowships have been set up to accommodate able professors while monetary scholarships are made available to aid students in need. These facilities ensure the search for knowledge excels without financial hindrances. All contributions will be primarily used:<\/p>\n<ol>\n<li>to support SMN Al-Attas Chair of Islamic Thought,<\/li>\n<li>to promote research and publication,<\/li>\n<li>to develop CASIS library,<\/li>\n<li>to fund scholarship for CASIS students,<\/li>\n<li>to conduct seminars and other academic endeavours.<\/li>\n<\/ol>\n<p>&nbsp;<\/p>\n<h3><span style=\"color: #e09900\"><strong>Syed Muhammad Naquib al-Attas Chair of Islamic Thought<\/strong><\/span><\/h3>\n<p>SMN Al-Attas Chair is a distinguished chair established at Universiti Teknologi Malaysia\u2019s Centre for Advanced Studies on Islam, Science and Civilization. The Chair is named in honour of Syed Muhammad Naquib al-Attas, world-renowned Malay thinker in the contemporary world. The Chair conducts, inter alia, CASIS Saturday Night Lecture Series, scholarly dialogues and seminars.<\/p>\n<p>&nbsp;<\/p>\n<h3><span style=\"color: #e09900\"><strong>Research and Publication<\/strong><\/span><\/h3>\n<p>As a centre of excellence, CASIS has published impactful books by prominent scholars in the field of Islam, history, science, and civilisation and will increase its number of publications in the future.<\/p>\n<p>&nbsp;<\/p>\n<h3><span style=\"color: #e09900\"><strong>CASIS Library<\/strong><\/span><\/h3>\n<p>The great Muslim libraries of the past fast eclipsed the libraries of Europe in the Middle Ages with their excellent handwritten sources and the sheer amount of resources available. Magnanimous patrons and benevolent donors supported all those who worked in this magnificent institution. In the same spirit, the Centre seeks generous philanthropists to financially contribute to assembling a credible library of major reference works to support the teaching and research work at the Centre.<\/p>\n<p><span style=\"color: #e09900\">\u00a0<img loading=\"lazy\" decoding=\"async\" class=\"alignnone size-medium wp-image-7107\" src=\"https:\/\/humanities.utm.my\/wp-content\/uploads\/sites\/91\/2018\/01\/casis-61-of-66-300x199.jpg\" alt=\"\" width=\"300\" height=\"199\" srcset=\"https:\/\/humanities.utm.my\/casis\/wp-content\/uploads\/sites\/91\/2018\/01\/casis-61-of-66-300x199.jpg 300w, https:\/\/humanities.utm.my\/casis\/wp-content\/uploads\/sites\/91\/2018\/01\/casis-61-of-66-768x510.jpg 768w, https:\/\/humanities.utm.my\/casis\/wp-content\/uploads\/sites\/91\/2018\/01\/casis-61-of-66-1024x680.jpg 1024w, https:\/\/humanities.utm.my\/casis\/wp-content\/uploads\/sites\/91\/2018\/01\/casis-61-of-66-1080x717.jpg 1080w, https:\/\/humanities.utm.my\/casis\/wp-content\/uploads\/sites\/91\/2018\/01\/casis-61-of-66.jpg 1626w\" sizes=\"(max-width: 300px) 100vw, 300px\" \/> <img loading=\"lazy\" decoding=\"async\" class=\"alignnone size-medium wp-image-7106\" src=\"https:\/\/humanities.utm.my\/wp-content\/uploads\/sites\/91\/2018\/01\/casis-13-of-66-300x199.jpg\" alt=\"\" width=\"300\" height=\"199\" srcset=\"https:\/\/humanities.utm.my\/casis\/wp-content\/uploads\/sites\/91\/2018\/01\/casis-13-of-66-300x199.jpg 300w, https:\/\/humanities.utm.my\/casis\/wp-content\/uploads\/sites\/91\/2018\/01\/casis-13-of-66-768x510.jpg 768w, https:\/\/humanities.utm.my\/casis\/wp-content\/uploads\/sites\/91\/2018\/01\/casis-13-of-66-1024x680.jpg 1024w, https:\/\/humanities.utm.my\/casis\/wp-content\/uploads\/sites\/91\/2018\/01\/casis-13-of-66-1080x717.jpg 1080w, https:\/\/humanities.utm.my\/casis\/wp-content\/uploads\/sites\/91\/2018\/01\/casis-13-of-66.jpg 1626w\" sizes=\"(max-width: 300px) 100vw, 300px\" \/><\/span><\/p>\n<h3><span style=\"color: #e09900\"><strong>Scholarship<\/strong><\/span><\/h3>\n<p>A significant number of students who embark on this path of learning at this Centre hailed from a multiple less fortunate backgrounds, financially strained. Many are wayfarers (ibn sab\u012bl) who left their hometowns, locally and abroad, to take residence here for an extended period away from the home comfort. They fall under the category of beneficiaries of zakat beneficiaries eligible for assistance in the form of money, foodstuffs, clothing, shelter, etc. Most importantly, the strive for highest educational excellence for the sake of comprehensive Muslims advancement is part of <em>jih\u0101d f\u012b sab\u012blill\u0101h<\/em>, and hence should be adequately supported by zakat, wakaf, sadaqah funds.<\/p>\n<p>&nbsp;<\/p>\n<h3><span style=\"color: #e09900\"><strong>How to Contribute<\/strong><\/span><\/h3>\n<p>Every form of contribution to the Fund can be made to\u00a0<strong>Centre for Advanced Studies on\u00a0<\/strong><strong>Islam, Science and Civilisation (CASIS),<\/strong><br \/>\nUniversiti Teknologi Malaysia Kuala Lumpur.<\/p>\n<p>Jalan Sultan Yahya Petra, 54100<br \/>\nKuala Lumpur, Malaysia<br \/>\n+603 2615 4825\/4636<br \/>\n+603 2615 4988<br \/>\ncasis@utm.my<br \/>\nwww.utm.my\/casis<\/p>\n<p>For any enquiry and more information, please contact our Liaison officer:<br \/>\nMohd Hilmi Ramli +60 19-306 8241<br \/>\n<a href=\"mailto:mohdhilmiramli@gmail.com\">mohdhilmiramli@gmail.com<\/a><\/p>\n<p>[\/et_pb_text][\/et_pb_column][\/et_pb_row][\/et_pb_section]<\/p>\n","protected":false},"excerpt":{"rendered":"<p>CASIS FUND &nbsp; CASIS Centre for Advanced Studies on Islam, Science and Civilisation (hereinafter referred to as CASIS), Universiti Teknologi Malaysia (UTM) was established when the then Vice-Chancellor Dato\u2019 Seri Ir. Dr. Zaini bin\u00a0Ujang\u00a0invited Prof. Dr. Wan Mohd Nor Wan Daud to form the Centre. Prof. Dr. Wan Mohd Nor, Prof. Dr. Muhammad Zainiy Uthman [&hellip;]<\/p>\n","protected":false},"author":4819,"featured_media":0,"parent":0,"menu_order":0,"comment_status":"closed","ping_status":"open","template":"","meta":{"_et_pb_use_builder":"on","_et_pb_old_content":"<h3><strong>RZS CASIS FUND: Raja Zarith Sofiah Centre for Advanced Studies on Islam, Science, and Civilisation Fund<\/strong><\/h3>\r\n\u00a0\r\n\r\n<strong>RZS CASIS<\/strong>\r\n\r\nRaja Zarith Sofiah Centre for Advanced Studies on Islam, Science and Civilisation (hereinafter referred to as RZS CASIS) is an upgraded entity previously known as the Centre for Advanced Studies on Islam, Science and Civilisation (CASIS), Universiti Teknologi Malaysia (UTM). It was initially established when the then Vice-Chancellor Dato\u2019 Seri Ir. Dr. Zaini bin\u00a0Ujang, invited Prof. Dr. Wan Mohd Nor Wan Daud to form the Centre. Prof. Dr. Wan Mohd Nor, Prof. Dr. Muhammad Zainiy Uthman and Assoc. Prof. Dr. Khalif Mu\u2019ammar were the earliest staff at CASIS and they began its instruction on February 21, 2011.\r\n\r\nRZS CASIS seeks to promote advanced scholarship and learning for the advancement of knowledge in the field of studies relating to Islam, Science and Civilisation and their allied sciences under the ambit of the worldview of Islam in full cognisance of relevant developments in other civilisations, especially in the contemporary world, along with the educational philosophy and practice espoused by Tan Sri Professor Dr. Syed Muhammad Naquib al-Attas.\r\n\r\nOne of the Centre\u2019s paramount objective is to train young scholars who are intellectually adept to delve into the intricacies of religious thought while simultaneously at home with intellectual and scientific ideas, technologies and socio-legal-economics thought and institutions of today. These emerging scholars will have the requisite intellectual tools and competent knowledge to imbibe from the multi-disciplinary program to prepare themselves for future intellectual civilisational challenges at h ome and the world at large.\r\n\r\n\u00a0\r\n\r\n<strong>What is RZS CASIS FUND?<\/strong>\r\n\r\nIn order to sustain and maintain the continuity of high-quality Islamic education unique to our nation, RZS CASIS welcomes all parties, corporate bodies and individuals to contribute generously to our Fund Raising drive. Since its inception, CASIS (now RZS CASIS) as a centre of excellence has strived in providing rigorous and intellectually challenging programmes to many good and intelligent students at a post-graduate level as a strategic initiative to revivify the Islamic civilisation in its full glory.\r\n\r\n\u00a0\r\n\r\n<strong>Why Contribute to RZS CASIS?<\/strong>\r\n\r\nYour assistance in the forms of dedicated zakat, wakaf<em>, <\/em>and sadaqah contributions will accelerate RZS CASIS to become an excellent centre of scholarship and learning with the highest quality of intellectual and academic faculty, and an excellent library. A sound financial backing and outstanding facilities will empower the first-rate training of future minds from the Muslim World at large to become future bearers of the light of illumination of true knowledge following the footpath of learned scholars\u00a0of the past.\r\n\r\nIn today\u2019s academic practice, foundations, distinguished chairs and fellowships have been set up to accommodate able professors while monetary scholarships are made available to aid students in need. These facilities ensure the search for knowledge excels without financial hindrances. All contributions will be primarily used:\r\n<ol>\r\n \t<li>to support SMN Al-Attas Chair of Islamic Thought,<\/li>\r\n \t<li>to promote research and publication,<\/li>\r\n \t<li>to develop RZS CASIS library,<\/li>\r\n \t<li>to fund scholarship for RZS CASIS students,<\/li>\r\n \t<li>to conduct seminars and other academic endeavors.<\/li>\r\n \t<li><\/li>\r\n<\/ol>\r\n<strong>Syed Muhammad Naquib al-Attas Chair of Islamic Thought<\/strong>\r\n\r\nSMN Al-Attas Chair is a distinguished chair established at Universiti Teknologi Malaysia\u2019s Raja Zarith Sofiah Centre for Advanced Studies on Islam, Science and Civilization. The Chair is named in honour of Syed Muhammad Naquib al-Attas, world-renowned Malay thinker in the contemporary world. The Chair is endowed by Yayasan Raja Zarith Sofiah Negeri Johor and conducts, inter alia, RZS CASIS Saturday Night Lecture Series, scholarly dialogues and seminars.\r\n\r\n\u00a0\r\n\r\n<strong>Research and Publication<\/strong>\r\n\r\nAs a centre of excellence, RZS CASIS has published impactful books by prominent scholars in the field of Islam, history, science, and civilisation and will increase its number of publications in the future.\r\n\r\n\u00a0\r\n\r\n<strong>RZS CASIS Library<\/strong>\r\n\r\nThe great Muslim libraries of the past fast eclipsed the libraries of Europe in the Middle Ages with their excellent handwritten sources and the sheer amount of resources available. Magnanimous patrons and benevolent donors supported all those who worked in this magnificent institution. In the same spirit, the Centre seeks generous philanthropists to financially contribute to assembling a credible library of major reference works to support the teaching and research work at the Centre.\r\n\r\n\u00a0\r\n\r\n<strong>Scholarship<\/strong>\r\n\r\nA significant number of students who embark on this path of learning at this Centre hailed from a multiple less fortunate backgrounds, financially strained. Many are wayfarers (ibn sab\u012bl) who left their hometowns, locally and abroad, to take residence here for an extended period away from the home comfort. They fall under the category of beneficiaries of zakat beneficiaries eligible for assistance in the form of money, foodstuffs, clothing, shelter, etc. Most importantly, the strive for highest educational excellence for the sake of comprehensive Muslims advancement is part of <em>jih\u0101d f\u012b sab\u012blill\u0101h<\/em>, and hence should be adequately supported by zakat, wakaf, sadaqah funds.\r\n\r\n\u00a0\r\n\r\n<strong>How to Contribute<\/strong>\r\n\r\nContribution to RZS CASIS Fund can be made to or in the name of \u201cYayasan Raja Zarith Sofiah Negeri Johor\u201d. The Yayasan Raja Zarith Sofiah Negeri Johor was founded in 2012 when the Sultan of Johor, His Majesty Sultan Ibrahim Ibni Almarhum Sultan Iskandar, and the Queen of Johor, Her Majesty Raja Zarith Sofiah binti Almarhum Sultan Idris Shah, consented to a proposal by Universiti Teknologi Malaysia, in cooperation with the Royal Johor Institution, to support educational activities in Malaysia and abroad that seek to promote deeper knowledge and understanding of Islam among the general public. Yayasan Raja Zarith Sofiah Negeri Johor is a non-profit organisation incorporated under the Societies Act 1966 (Malaysia) and has been granted a tax-exempted status by the Inland Revenue Board of Malaysia under reference: LHDN.01\/35\/42\/179-6.7499.\r\n\r\n\u00a0\r\n\r\n<strong>Yayasan Raja Zarith Sofiah Negeri Johor<\/strong>\r\nLevel 2, Menara Razak, UTM Kuala Lumpur,\r\nJalan Sultan Yahya Petra,\r\n54100 Kuala Lumpur, Malaysia.\r\nsupport@zarithsofiah.foundation\r\n+603 2180 5353\r\n\r\n<strong>Raja Zarith Sofiah Centre for Advanced Studies on<\/strong>\r\n<strong>Islam, Science and Civilisation (RZS CASIS)<\/strong>\r\nUniversiti Teknologi Malaysia Kuala Lumpur\r\nJalan Sultan Yahya Petra, 54100\r\nKuala Lumpur, Malaysia\r\n+603 2615 4825\/4636\r\n+603 2615 4988\r\ncasis@utm.my\r\nwww.utm.my\/casis\r\n\r\nLiaison officer:\r\nMohd Hilmi Ramli +60 19-306 8241\r\n<a href=\"mailto:mohdhilmiramli@gmail.com\">mohdhilmiramli@gmail.com<\/a>\r\n\r\nCIMB BANK: <strong>86-0152061-3<\/strong> YAYASAN RAJA ZARITH SOFIAH NEGERI JOHOR\r\n\r\n\u00a0","_et_gb_content_width":"","footnotes":""},"class_list":["post-7056","page","type-page","status-publish","hentry"],"_links":{"self":[{"href":"https:\/\/humanities.utm.my\/casis\/wp-json\/wp\/v2\/pages\/7056","targetHints":{"allow":["GET"]}}],"collection":[{"href":"https:\/\/humanities.utm.my\/casis\/wp-json\/wp\/v2\/pages"}],"about":[{"href":"https:\/\/humanities.utm.my\/casis\/wp-json\/wp\/v2\/types\/page"}],"author":[{"embeddable":true,"href":"https:\/\/humanities.utm.my\/casis\/wp-json\/wp\/v2\/users\/4819"}],"replies":[{"embeddable":true,"href":"https:\/\/humanities.utm.my\/casis\/wp-json\/wp\/v2\/comments?post=7056"}],"version-history":[{"count":0,"href":"https:\/\/humanities.utm.my\/casis\/wp-json\/wp\/v2\/pages\/7056\/revisions"}],"wp:attachment":[{"href":"https:\/\/humanities.utm.my\/casis\/wp-json\/wp\/v2\/media?parent=7056"}],"curies":[{"name":"wp","href":"https:\/\/api.w.org\/{rel}","templated":true}]}}